{"id":96,"date":"2024-11-06T19:44:19","date_gmt":"2024-11-06T22:44:19","guid":{"rendered":"https:\/\/opapb.org\/?page_id=96"},"modified":"2026-04-20T15:37:26","modified_gmt":"2026-04-20T18:37:26","slug":"sobre-o-observatorio-paraibano-antirracismo","status":"publish","type":"page","link":"https:\/\/opapb.org\/?page_id=96","title":{"rendered":"Sobre o Observat\u00f3rio Paraibano Antirracismo"},"content":{"rendered":"\n<h2 class=\"wp-block-heading\">Quem Somos<\/h2>\n\n\n\n<p>Somos uma entidade estadual de car\u00e1ter civil, democr\u00e1tica e aut\u00f4noma que visa monitorar, evidenciar e combater o racismo e as pr\u00e1ticas de discrimina\u00e7\u00e3o racial em todas suas manifesta\u00e7\u00f5es.<\/p>\n\n\n\n<h2 class=\"wp-block-heading\">Objetivos<\/h2>\n\n\n\n<p>Realizar estudos estat\u00edsticos e hist\u00f3ricos das atividades e procedimentos socioinstitucionais, fatos correlacionados as quest\u00f5es \u00e9tnico raciais que sejam constatados e comprovados.<\/p>\n\n\n\n<h2 class=\"wp-block-heading\">Outros objetivos<\/h2>\n\n\n\n<p>Desenvolver programas de acompanhamento aos \u00edndices de desenvolvimento humano regional, bem como de apoio e suporte para realiza\u00e7\u00e3o de balan\u00e7os sociais e ambientais.<\/p>\n\n\n\n<p>Desenvolver a\u00e7\u00f5es de car\u00e1ter cultural, art\u00edstica, ambiental, educacional, social, esportiva, beneficente, assistencial de car\u00e1ter filantr\u00f3pico e de pesquisa cient\u00edfica ou tecnol\u00f3gica com o objetivo de promover o bem viver das pessoas negras.<\/p>\n\n\n\n<h2 class=\"wp-block-heading\">Gest\u00e3o atual<\/h2>\n\n\n\n<figure class=\"wp-block-gallery has-nested-images columns-default is-cropped wp-block-gallery-1 is-layout-flex wp-block-gallery-is-layout-flex\">\n<figure class=\"wp-block-image size-full is-style-rounded\"><img loading=\"lazy\" decoding=\"async\" width=\"300\" height=\"264\" data-id=\"129\" src=\"https:\/\/opapb.org\/wp-content\/uploads\/2024\/11\/MarliSoares-2.jpg\" alt=\"Marli Soares - Coordena\u00e7\u00e3o geral do OPA\" class=\"wp-image-129\"\/><figcaption class=\"wp-element-caption\">Marli Soares<br><strong>Coordenadora Geral<\/strong><\/figcaption><\/figure>\n\n\n\n<figure class=\"wp-block-image size-full is-style-rounded\"><img loading=\"lazy\" decoding=\"async\" width=\"463\" height=\"476\" data-id=\"149\" src=\"http:\/\/opapb.org\/wp-content\/uploads\/2024\/11\/LeonardoSilva2-2.jpg\" alt=\"\" class=\"wp-image-149\" srcset=\"https:\/\/opapb.org\/wp-content\/uploads\/2024\/11\/LeonardoSilva2-2.jpg 463w, https:\/\/opapb.org\/wp-content\/uploads\/2024\/11\/LeonardoSilva2-2-292x300.jpg 292w\" sizes=\"auto, (max-width: 463px) 100vw, 463px\" \/><figcaption class=\"wp-element-caption\">Leonardo Silva<br><strong> Coordenador Financeiro<\/strong><\/figcaption><\/figure>\n\n\n\n<figure class=\"wp-block-image size-full is-style-rounded\"><img loading=\"lazy\" decoding=\"async\" width=\"512\" height=\"512\" data-id=\"34\" src=\"http:\/\/opapb.org\/wp-content\/uploads\/2024\/11\/cropped-OPAPB-Logo.png\" alt=\"\" class=\"wp-image-34\" srcset=\"https:\/\/opapb.org\/wp-content\/uploads\/2024\/11\/cropped-OPAPB-Logo.png 512w, https:\/\/opapb.org\/wp-content\/uploads\/2024\/11\/cropped-OPAPB-Logo-300x300.png 300w, https:\/\/opapb.org\/wp-content\/uploads\/2024\/11\/cropped-OPAPB-Logo-150x150.png 150w, https:\/\/opapb.org\/wp-content\/uploads\/2024\/11\/cropped-OPAPB-Logo-270x270.png 270w, https:\/\/opapb.org\/wp-content\/uploads\/2024\/11\/cropped-OPAPB-Logo-192x192.png 192w, https:\/\/opapb.org\/wp-content\/uploads\/2024\/11\/cropped-OPAPB-Logo-180x180.png 180w, https:\/\/opapb.org\/wp-content\/uploads\/2024\/11\/cropped-OPAPB-Logo-32x32.png 32w\" sizes=\"auto, (max-width: 512px) 100vw, 512px\" \/><figcaption class=\"wp-element-caption\">Katarine Santana<br><strong>Conselheira<\/strong><\/figcaption><\/figure>\n\n\n\n<figure class=\"wp-block-image size-full is-style-rounded\"><img loading=\"lazy\" decoding=\"async\" width=\"490\" height=\"452\" data-id=\"142\" src=\"http:\/\/opapb.org\/wp-content\/uploads\/2024\/11\/Captura-de-tela_2024-11-24_18-15-01.png\" alt=\"\" class=\"wp-image-142\" srcset=\"https:\/\/opapb.org\/wp-content\/uploads\/2024\/11\/Captura-de-tela_2024-11-24_18-15-01.png 490w, https:\/\/opapb.org\/wp-content\/uploads\/2024\/11\/Captura-de-tela_2024-11-24_18-15-01-300x277.png 300w\" sizes=\"auto, (max-width: 490px) 100vw, 490px\" \/><figcaption class=\"wp-element-caption\">Maria do Socorro Pimentel<br><strong>Conselho Fiscal<\/strong><\/figcaption><\/figure>\n\n\n\n<figure class=\"wp-block-image size-full is-style-rounded\"><img loading=\"lazy\" decoding=\"async\" width=\"512\" height=\"512\" data-id=\"34\" src=\"http:\/\/opapb.org\/wp-content\/uploads\/2024\/11\/cropped-OPAPB-Logo.png\" alt=\"\" class=\"wp-image-34\" srcset=\"https:\/\/opapb.org\/wp-content\/uploads\/2024\/11\/cropped-OPAPB-Logo.png 512w, https:\/\/opapb.org\/wp-content\/uploads\/2024\/11\/cropped-OPAPB-Logo-300x300.png 300w, https:\/\/opapb.org\/wp-content\/uploads\/2024\/11\/cropped-OPAPB-Logo-150x150.png 150w, https:\/\/opapb.org\/wp-content\/uploads\/2024\/11\/cropped-OPAPB-Logo-270x270.png 270w, https:\/\/opapb.org\/wp-content\/uploads\/2024\/11\/cropped-OPAPB-Logo-192x192.png 192w, https:\/\/opapb.org\/wp-content\/uploads\/2024\/11\/cropped-OPAPB-Logo-180x180.png 180w, https:\/\/opapb.org\/wp-content\/uploads\/2024\/11\/cropped-OPAPB-Logo-32x32.png 32w\" sizes=\"auto, (max-width: 512px) 100vw, 512px\" \/><figcaption class=\"wp-element-caption\">Vago<br><strong>Conselho Fiscal<\/strong><\/figcaption><\/figure>\n\n\n\n<figure class=\"wp-block-image size-full is-style-rounded\"><img loading=\"lazy\" decoding=\"async\" width=\"512\" height=\"512\" data-id=\"34\" src=\"http:\/\/opapb.org\/wp-content\/uploads\/2024\/11\/cropped-OPAPB-Logo.png\" alt=\"\" class=\"wp-image-34\" srcset=\"https:\/\/opapb.org\/wp-content\/uploads\/2024\/11\/cropped-OPAPB-Logo.png 512w, https:\/\/opapb.org\/wp-content\/uploads\/2024\/11\/cropped-OPAPB-Logo-300x300.png 300w, https:\/\/opapb.org\/wp-content\/uploads\/2024\/11\/cropped-OPAPB-Logo-150x150.png 150w, https:\/\/opapb.org\/wp-content\/uploads\/2024\/11\/cropped-OPAPB-Logo-270x270.png 270w, https:\/\/opapb.org\/wp-content\/uploads\/2024\/11\/cropped-OPAPB-Logo-192x192.png 192w, https:\/\/opapb.org\/wp-content\/uploads\/2024\/11\/cropped-OPAPB-Logo-180x180.png 180w, https:\/\/opapb.org\/wp-content\/uploads\/2024\/11\/cropped-OPAPB-Logo-32x32.png 32w\" sizes=\"auto, (max-width: 512px) 100vw, 512px\" \/><figcaption class=\"wp-element-caption\">Vago<br><strong>Conselho Fiscal<\/strong><\/figcaption><\/figure>\n<\/figure>\n","protected":false},"excerpt":{"rendered":"<p>Quem Somos Somos uma entidade estadual de car\u00e1ter civil, democr\u00e1tica e aut\u00f4noma que visa monitorar, evidenciar e combater o racismo e as pr\u00e1ticas de discrimina\u00e7\u00e3o racial em todas suas manifesta\u00e7\u00f5es. Objetivos Realizar estudos estat\u00edsticos e hist\u00f3ricos das atividades e procedimentos socioinstitucionais, fatos correlacionados as quest\u00f5es \u00e9tnico raciais que sejam constatados e comprovados. Outros objetivos Desenvolver [&#8230;]<\/p>\n<p><a class=\"btn btn-secondary conversions-read-more-link\" href=\"https:\/\/opapb.org\/?page_id=96\">Read More&#8230;<\/a><\/p>\n","protected":false},"author":1,"featured_media":0,"parent":0,"menu_order":0,"comment_status":"closed","ping_status":"closed","template":"","meta":{"om_disable_all_campaigns":false,"_monsterinsights_skip_tracking":false,"_monsterinsights_sitenote_active":false,"_monsterinsights_sitenote_note":"","_monsterinsights_sitenote_category":0,"footnotes":""},"class_list":["post-96","page","type-page","status-publish","hentry"],"aioseo_notices":[],"_links":{"self":[{"href":"https:\/\/opapb.org\/index.php?rest_route=\/wp\/v2\/pages\/96","targetHints":{"allow":["GET"]}}],"collection":[{"href":"https:\/\/opapb.org\/index.php?rest_route=\/wp\/v2\/pages"}],"about":[{"href":"https:\/\/opapb.org\/index.php?rest_route=\/wp\/v2\/types\/page"}],"author":[{"embeddable":true,"href":"https:\/\/opapb.org\/index.php?rest_route=\/wp\/v2\/users\/1"}],"replies":[{"embeddable":true,"href":"https:\/\/opapb.org\/index.php?rest_route=%2Fwp%2Fv2%2Fcomments&post=96"}],"version-history":[{"count":11,"href":"https:\/\/opapb.org\/index.php?rest_route=\/wp\/v2\/pages\/96\/revisions"}],"predecessor-version":[{"id":211,"href":"https:\/\/opapb.org\/index.php?rest_route=\/wp\/v2\/pages\/96\/revisions\/211"}],"wp:attachment":[{"href":"https:\/\/opapb.org\/index.php?rest_route=%2Fwp%2Fv2%2Fmedia&parent=96"}],"curies":[{"name":"wp","href":"https:\/\/api.w.org\/{rel}","templated":true}]}}

Sobre o Observatório Paraibano Antirracismo

<h2 class="wp-block-heading">Quem Somos</h2>



<p>Somos uma entidade estadual de caráter civil, democrática e autônoma que visa monitorar, evidenciar e combater o racismo e as práticas de discriminação racial em todas suas manifestações.</p>



<h2 class="wp-block-heading">Objetivos</h2>



<p>Realizar estudos estatísticos e históricos das atividades e procedimentos socioinstitucionais, fatos correlacionados as questões étnico raciais que sejam constatados e comprovados.</p>



<h2 class="wp-block-heading">Outros objetivos</h2>



<p>Desenvolver programas de acompanhamento aos índices de desenvolvimento humano regional, bem como de apoio e suporte para realização de balanços sociais e ambientais.</p>



<p>Desenvolver ações de caráter cultural, artística, ambiental, educacional, social, esportiva, beneficente, assistencial de caráter filantrópico e de pesquisa científica ou tecnológica com o objetivo de promover o bem viver das pessoas negras.</p>



<h2 class="wp-block-heading">Gestão atual</h2>



<figure class="wp-block-gallery has-nested-images columns-default is-cropped wp-block-gallery-1 is-layout-flex wp-block-gallery-is-layout-flex">
<figure class="wp-block-image size-full is-style-rounded"><img loading="lazy" decoding="async" width="300" height="264" data-id="129" src="https://opapb.org/wp-content/uploads/2024/11/MarliSoares-2.jpg" alt="Marli Soares - Coordenação geral do OPA" class="wp-image-129"/><figcaption class="wp-element-caption">Marli Soares<br><strong>Coordenadora Geral</strong></figcaption></figure>



<figure class="wp-block-image size-full is-style-rounded"><img loading="lazy" decoding="async" width="463" height="476" data-id="149" src="http://opapb.org/wp-content/uploads/2024/11/LeonardoSilva2-2.jpg" alt="" class="wp-image-149" srcset="https://opapb.org/wp-content/uploads/2024/11/LeonardoSilva2-2.jpg 463w, https://opapb.org/wp-content/uploads/2024/11/LeonardoSilva2-2-292x300.jpg 292w" sizes="auto, (max-width: 463px) 100vw, 463px" /><figcaption class="wp-element-caption">Leonardo Silva<br><strong> Coordenador Financeiro</strong></figcaption></figure>



<figure class="wp-block-image size-full is-style-rounded"><img loading="lazy" decoding="async" width="512" height="512" data-id="34" src="http://opapb.org/wp-content/uploads/2024/11/cropped-OPAPB-Logo.png" alt="" class="wp-image-34" srcset="https://opapb.org/wp-content/uploads/2024/11/cropped-OPAPB-Logo.png 512w, https://opapb.org/wp-content/uploads/2024/11/cropped-OPAPB-Logo-300x300.png 300w, https://opapb.org/wp-content/uploads/2024/11/cropped-OPAPB-Logo-150x150.png 150w, https://opapb.org/wp-content/uploads/2024/11/cropped-OPAPB-Logo-270x270.png 270w, https://opapb.org/wp-content/uploads/2024/11/cropped-OPAPB-Logo-192x192.png 192w, https://opapb.org/wp-content/uploads/2024/11/cropped-OPAPB-Logo-180x180.png 180w, https://opapb.org/wp-content/uploads/2024/11/cropped-OPAPB-Logo-32x32.png 32w" sizes="auto, (max-width: 512px) 100vw, 512px" /><figcaption class="wp-element-caption">Katarine Santana<br><strong>Conselheira</strong></figcaption></figure>



<figure class="wp-block-image size-full is-style-rounded"><img loading="lazy" decoding="async" width="490" height="452" data-id="142" src="http://opapb.org/wp-content/uploads/2024/11/Captura-de-tela_2024-11-24_18-15-01.png" alt="" class="wp-image-142" srcset="https://opapb.org/wp-content/uploads/2024/11/Captura-de-tela_2024-11-24_18-15-01.png 490w, https://opapb.org/wp-content/uploads/2024/11/Captura-de-tela_2024-11-24_18-15-01-300x277.png 300w" sizes="auto, (max-width: 490px) 100vw, 490px" /><figcaption class="wp-element-caption">Maria do Socorro Pimentel<br><strong>Conselho Fiscal</strong></figcaption></figure>



<figure class="wp-block-image size-full is-style-rounded"><img loading="lazy" decoding="async" width="512" height="512" data-id="34" src="http://opapb.org/wp-content/uploads/2024/11/cropped-OPAPB-Logo.png" alt="" class="wp-image-34" srcset="https://opapb.org/wp-content/uploads/2024/11/cropped-OPAPB-Logo.png 512w, https://opapb.org/wp-content/uploads/2024/11/cropped-OPAPB-Logo-300x300.png 300w, https://opapb.org/wp-content/uploads/2024/11/cropped-OPAPB-Logo-150x150.png 150w, https://opapb.org/wp-content/uploads/2024/11/cropped-OPAPB-Logo-270x270.png 270w, https://opapb.org/wp-content/uploads/2024/11/cropped-OPAPB-Logo-192x192.png 192w, https://opapb.org/wp-content/uploads/2024/11/cropped-OPAPB-Logo-180x180.png 180w, https://opapb.org/wp-content/uploads/2024/11/cropped-OPAPB-Logo-32x32.png 32w" sizes="auto, (max-width: 512px) 100vw, 512px" /><figcaption class="wp-element-caption">Vago<br><strong>Conselho Fiscal</strong></figcaption></figure>



<figure class="wp-block-image size-full is-style-rounded"><img loading="lazy" decoding="async" width="512" height="512" data-id="34" src="http://opapb.org/wp-content/uploads/2024/11/cropped-OPAPB-Logo.png" alt="" class="wp-image-34" srcset="https://opapb.org/wp-content/uploads/2024/11/cropped-OPAPB-Logo.png 512w, https://opapb.org/wp-content/uploads/2024/11/cropped-OPAPB-Logo-300x300.png 300w, https://opapb.org/wp-content/uploads/2024/11/cropped-OPAPB-Logo-150x150.png 150w, https://opapb.org/wp-content/uploads/2024/11/cropped-OPAPB-Logo-270x270.png 270w, https://opapb.org/wp-content/uploads/2024/11/cropped-OPAPB-Logo-192x192.png 192w, https://opapb.org/wp-content/uploads/2024/11/cropped-OPAPB-Logo-180x180.png 180w, https://opapb.org/wp-content/uploads/2024/11/cropped-OPAPB-Logo-32x32.png 32w" sizes="auto, (max-width: 512px) 100vw, 512px" /><figcaption class="wp-element-caption">Vago<br><strong>Conselho Fiscal</strong></figcaption></figure>
</figure>

<p>Quem Somos Somos uma entidade estadual de caráter civil, democrática e autônoma que visa monitorar, evidenciar e combater o racismo e as práticas de discriminação racial em todas suas manifestações. Objetivos Realizar estudos estatísticos e históricos das atividades e procedimentos socioinstitucionais, fatos correlacionados as questões étnico raciais que sejam constatados e comprovados. Outros objetivos Desenvolver [&#8230;]</p>
<p><a class="btn btn-secondary conversions-read-more-link" href="https://opapb.org/?page_id=96">Read More&#8230;</a></p>
